when 1614046 is divided by 736?
734
Calculate the remainder when 33798391 is divided by 147.
4
What is the remainder when 4985956 is divided by 6?
4
Calculate the remainder when 53158 is divided by 781.
50
What is the remainder when 2437903 is divided by 60?
43
What is the remainder when 155482551 is divided by 48?
39
What is the remainder when 1118624 is divided by 28?
24
Calculate the remainder when 3144116 is divided by 878.
876
Calculate the remainder when 7929990 is divided by 440555.
0
What is the remainder when 198660 is divided by 501?
264
Calculate the remainder when 464826 is divided by 17212.
102
Calculate the remainder when 1958559 is divided by 5860.
1319
Calculate the remainder when 2818442 is divided by 2221.
2214
Calculate the remainder when 261035 is divided by 783.
296
What is the remainder when 61681734 is divided by 893938?
12
Calculate the remainder when 363958 is divided by 5262.
880
What is the remainder when 644493 is divided by 214750?
243
What is the remainder when 4526443 is divided by 126?
19
What is the remainder when 977813 is divided by 325900?
113
What is the remainder when 190163 is divided by 108?
83
What is the remainder when 206763943 is divided by 1018?
1017
What is the remainder when 877786 is divided by 503?
51
What is the remainder when 327117 is divided by 81744?
141
Calculate the remainder when 16118949 is divided by 86661.
3
What is the remainder when 4005707 is divided by 41295?
92
Calculate the remainder when 86412782 is divided by 3469.
3461
Calculate the remainder when 16515710 is divided by 1348.
14
Calculate the remainder when 2632939 is divided by 246.
1
What is the remainder when 404603 is divided by 1050?
353
What is the remainder when 30100 is divided by 338?
18
Calculate the remainder when 25415034 is divided by 2.
0
What is the remainder when 426234 is divided by 893?
273
Calculate the remainder when 193526 is divided by 193505.
21
Calculate the remainder when 237420 is divided by 160.
140
What is the remainder when 170267 is divided by 170162?
105
What is the remainder when 517640852 is divided by 86273474?
8
Calculate the remainder when 5553982 is divided by 5049.
82
Calculate the remainder when 1403618 is divided by 280699.
123
Calculate the remainder when 832329 is divided by 2293.
2263
What is the remainder when 288540 is divided by 6632?
3364
What is the remainder when 127251895 is divided by 387963?
31
Calculate the remainder when 3572759 is divided by 29.
17
Calculate the remainder when 1455356 is divided by 1854.
1820
Calculate the remainder when 8468267 is divided by 2753.
39
What is the remainder when 731078849 is divided by 365539420?
9
What is the remainder when 48231961 is divided by 16077318?
7
Calculate the remainder when 781948 is divided by 390772.
404
What is the remainder when 128349 is divided by 1202?
937
Calculate the remainder when 4081270 is divided by 453456.
166
What is the remainder when 1471563 is divided by 591?
564
Calculate the remainder when 181026 is divided by 60314.
84
What is the remainder when 92809 is divided by 539?
101
What is the remainder when 226730 is divided by 74892?
2054
Calculate the remainder when 2136941 is divided by 356136.
125
What is the remainder when 2377277 is divided by 41?
15
What is the remainder when 15640 is divided by 1210?
1120
Calculate the remainder when 666395 is divided by 10.
5
Calculate the remainder when 935159 is divided by 7665.
29
Calculate the remainder when 911046 is divided by 632.
334
Calculate the remainder when 271140 is divided by 68.
24
Calculate the remainder when 2517028 is divided by 23304.
196
What is the remainder when 2283789 is divided by 761261?
6
What is the remainder when 120934 is divided by 8060?
34
What is the remainder when 48300 is divided by 360?
60
What is the remainder when 494494 is divided by 494110?
384
What is the remainder when 6185637 is divided by 2954?
2915
Calculate the remainder when 760567 is divided by 36214.
73
Calculate the remainder when 3991787 is divided by 1636.
1583
Calculate the remainder when 18870991 is divided by 4.
3
Calculate the remainder when 7501378 is divided by 1090.
1088
Calculate the remainder when 39397 is divided by 3162.
1453
What is the remainder when 18159548 is divided by 227?
2
What is the remainder when 879203 is divided by 6763?
13
What is the remainder when 290556 is divided by 6917?
42
What is the remainder when 259186 is divided by 945?
256
What is the remainder when 14340083 is divided by 531114?
5
What is the remainder when 1104146 is divided by 4884?
362
What is the remainder when 3753314 is divided by 3275?
164
What is the remainder when 415659 is divided by 16?
11
Calculate the remainder when 1534536 is divided by 69.
45
Calculate the remainder when 13754 is divided by 2739.
59
Calculate the remainder when 11625600 is divided by 255.
150
What is the remainder when 89514 is divided by 42827?
3860
Calculate the remainder when 27468 is divided by 205.
203
Calculate the remainder when 177899 is divided by 5082.
29
Calculate the remainder when 68828012 is divided by 446935.
22
What is the remainder when 826067 is divided by 738?
245
Calculate the remainder when 1096904 is divided by 1191.
1184
Calculate the remainder when 2257481 is divided by 72821.
30
What is the remainder when 1506340 is divided by 1136?
4
Calculate the remainder when 4881813 is divided by 93.
57
Calculate the remainder when 3267212 is divided by 42.
32
What is the remainder when 1922043 is divided by 631?
17
Calculate the remainder when 52764876 is divided by 215.
6
Calculate the remainder when 1879625 is divided by 375923.
10
What is the remainder when 2018524 is divided by 32?
28
What is the remainder when 7457008 is divided by 40527?
40
Calculate the remainder when 2083224 is divided by 130201.
8
Calculate the remainder when 185409 is divided by 14234.
367
Calculate the remainder when 27589868 is divided by 1178.
1108
Calculate the remainder when 1660301 is divided by 39.
32
Calculate the remainder when 14652514 is divided by 742.
240
What is the remainder when 86732 is divided by 17137?
1047
What is the remainder when 109748 is divided by 11780?
3728
What is the remainder when 2823101 is divided by 20?
1
What is the remainder when 64100 is divided by 140?
120
What is the remainder when 26923641 is divided by 1038?
1035
What is the remainder when 192546 is divided by 32020?
426
What is the remainder when 87335 is divided by 982?
919
What is the remainder when 781656 is divided by 784?
8
What is the remainder when 2360483 is divided by 955?
678
What is the remainder when 15591205 is divided by 364?
357
Calculate the remainder when 45556072 is divided by 5694507.
16
Calculate the remainder when 66908899 is divided by 1096867.
12
Calculate the remainder when 35058765 is divided by 28.
21
What is the remainder when 581723940 is divided by 27701140?
0
What is the remainder when 70775746 is divided by 23591903?
37
What is the remainder when 2016280 is divided by 140?
0
What is the remainder when 1486982 is divided by 743484?
14
What is the remainder when 3784211 is divided by 623?
109
What is the remainder when 52860 is divided by 12794?
1684
What is the remainder when 8682677 is divided by 13037?
35
What is the remainder when 2120621 is divided by 924?
41
What is the remainder when 938627 is divided by 6060?
5387
What is the remainder when 2002480 is divided by 1335?
1315
Calculate the remainder when 16146538 is divided by 90.
88
What is the remainder when 21576433 is divided by 668?
33
Calculate the remainder when 350826 is divided by 290.
216
What is the remainder when 2176506 is divided by 1088248?
10
Calculate the remainder when 3782949 is divided by 1260977.
18
What is the remainder when 393883 is divided by 98283?
751
Calculate the remainder when 14062425 is divided by 562497.
0
What is the remainder when 3763070 is divided by 1657?
23
What is the remainder when 9017630 is divided by 26?
24
Calculate the remainder when 15918346 is divided by 25.
21
Calculate the remainder when 42194 is divided by 901.
748
What is the remainder when 36001480 is divided by 47?
44
Calculate the remainder when 30673104 is divided by 4777.
4764
Calculate the remainder when 238639790 is div